). Suppose -j*v + 12 = -5*v. List the prime factors of v.
3
Let b(r) = -7*r. Let d = 12 + -10. Let w be b(d). Let g = -4 - w. List the prime factors of g.
2, 5
Suppose -651 = -2*q - 3*h + 2*h, -5*q - h = -1635. Suppose -d - 3*d = -q. Suppose 3*p - d = 53. What are the prime factors of p?
3, 5
Let u = -40 + 44. Suppose -u*q + 442 = -6. List the prime factors of q.
2, 7
Let a be (-3 - -1)/((-12)/27)*98. Suppose 7*o - a - 749 = 0. What are the prime factors of o?
2, 5, 17
Suppose -3*k - 2*a + 14 = 0, -k - 10 = -0*k - 3*a. Suppose k*d - 40 = 142. List the prime factors of d.
7, 13
Let f(o) = 6*o**2 + 27*o + 4. What are the prime factors of f(9)?
733
Let w = -25 - -29. Let a be w/(-12) + (-3)/(-9). Suppose a = -7*y + 10*y - 114. List the prime factors of y.
2, 19
Suppose 0 = -14*c + 513 + 18681. List the prime factors of c.
3, 457
Suppose -m + 0 = -2*o + 3, -2*o = m + 19. Let y(c) = -c**2 - 11*c + 1. Let u be y(m). What are the prime factors of (u/(-2))/(13/(-806))?
31
Let h = -1790 + 2997. What are the prime factors of h?
17, 71
Let a be 1/3 - (-137)/3. Suppose o - 4*s = -0 - 1, -4*o + 2*s - a = 0. Let j(h) = h**2 + 9*h. List the prime factors of j(o).
2, 13
Suppose -4*m - 3 + 15 = 0, -279 = -4*s - 5*m. Suppose -2 = 2*v + 60. Let b = v + s. What are the prime factors of b?
5, 7
Let t = 39 + -67. Let v be t/(-14)*(-78)/(-4). What are the prime factors of (-2 - 3/3) + v?
2, 3
Let a(q) = -2*q**2 - 4*q + 1. Let t(c) = -c**2 - 5*c. Let r(j) = 2*a(j) - 3*t(j). List the prime factors of r(7).
2
Let p(r) = -r**3 - 9*r**2 - 8*r - 4. Let x be p(-8). What are the prime factors of (-2 - 2)/x + 2 - -111?
2, 3, 19
Let k(l) = -l**2 + 29*l. Let y be k(15). Suppose 0*b + 3*b = y. List the prime factors of b.
2, 5, 7
Suppose 2 = n, -12 = -4*q - 2*n + 4. Let m be 24*(q + -7)/(-8). What are the prime factors of (-3 + 4)/(4/m)?
3
Let q(z) = -6*z**3 - 9*z**2 + 4*z - 4. Let d(c) = c**3 + c**2. Let x(s) = 5*d(s) + q(s). Let y be x(-5). What are the prime factors of (5 + 2)/(y/4)?
2, 7
Let w = 2664 - 1585. What are the prime factors of w?
13, 83
Suppose 0 = 2*o - 9*o - 70. What are the prime factors of (5/o)/(-1)*38?
19
Let d be -2 + 740/(-75) - (-4)/(-30). Let m = 15 + d. What are the prime factors of m?
3
Suppose -4*o - 8*u = -6*u - 14, -4*o + 29 = -3*u. What are the prime factors of o?
5
Suppose 0 = -3*c + 5*c + 4. Suppose 0 = -k - 5*b + 2, -5*b = -5*k - 0 + 10. What are the prime factors of (c + 1)/(k/(-62))?
31
Let q(o) = o**3 + 4*o**2 - 6*o - 5. Let b be q(-5). Suppose 16*z - 10*z - 12 = 0. Suppose -g + b*r + 3 = -z*r, 2*g - 51 = -5*r. List the prime factors of g.
13
Let d = 38 + -31. Suppose 3*r - d*x + 6*x - 158 = 0, -8 = 4*x. List the prime factors of r.
2, 13
Suppose 5*s + 2*o - 132 = -2831, -s - 547 = 4*o. What are the prime factors of 2/(-8) + s/(-44)?
2, 3
Suppose -15543 = 348*y - 357*y. List the prime factors of y.
11, 157
Suppose 1 = c - 1. Suppose 4*r - 3 = -3*s + 106, -r + c*s + 30 = 0. What are the prime factors of (r/49)/(2/7)?
2
Let f = -26 - -26. Suppose -h = -f*h. Suppose h = -0*y + 5*y, 4*s - 204 = -4*y. List the prime factors of s.
3, 17
Let m(k) = -k**3 + 14*k**2 + 35*k - 10. List the prime factors of m(-5).
2, 5, 29
Let g(a) = -8*a - 3. Let i be g(-1). Suppose -237 = -q + i*s, q + 0*s - 221 = s. List the prime factors of q.
7, 31
Let g be ((-4)/6)/(4 + 0)*-6. What are the prime factors of (g + (-10)/(-14))/(6/273)?
2, 3, 13
Suppose 3*t + 4*k - 12 = -t, 2*k + 2 = 0. Let l be (-3 + t)/((-2)/4). List the prime factors of (-5 - -1 - l)*-1.
2
Suppose 118*g - 84*g - 90950 = 0. What are the prime factors of g?
5, 107
Let s = 726 - 695. What are the prime factors of s?
31
Let u be 2/(-3) - (6 - (-29)/(-3)). Suppose 5*q - q + 4*a - 444 = 0, u*q = a + 317. What are the prime factors of q?
107
Let p = 58 - 56. Suppose 0 = -p*r - 0*r - 3*g + 300, -596 = -4*r - 4*g. List the prime factors of r.
3, 7
Suppose 0 = -7*c + 9*c - 18. Let o = c - 5. List the prime factors of 4*(2 + 2/o).
2, 5
Suppose 0 = l + 4*z + 4, 5*z + 5 = -l + 4*l. Suppose l = 4*n - 3*n - 30. List the prime factors of n.
2, 3, 5
Suppose y - 250 - 184 = -n, 5*n - 25 = 0. What are the prime factors of y?
3, 11, 13
Let d be (-3 - (-57)/21) + (-4458)/(-21). Let v = -125 + d. What are the prime factors of v?
3, 29
Let v(w) = -8*w - 10. Suppose -4 = -k - 13. List the prime factors of v(k).
2, 31
Let q(u) = 4*u**2 - 9*u - 14. Let c be q(-2). Suppose 855 = 25*p - c*p. What are the prime factors of p?
3, 19
Let s(c) = -23*c**3 + c**2 - c - 1. Suppose -t + 3 = -11. Let k be (-18)/t - (-6)/21. What are the prime factors of s(k)?
2, 3
Let t = 527 - -32. What are the prime factors of t?
13, 43
Let o(v) = -33*v - 1. Let j be o(-1). Suppose 2*q = 4*g - 8*g + j, -2 = q - 4*g. What are the prime factors of q?
2, 5
Let r(m) = -m**2 - 3*m + 5. Suppose -5*g + 3*a - 13 = 8, -2*a - 18 = 2*g. Let d be r(g). List the prime factors of 0/6 - (d + 0).
13
Let q(n) = n**2 + 4*n + 3. Let w be q(-3). Let f = 25 - -162. Suppose w*s + b - f = -4*s, -b = -s + 48. What are the prime factors of s?
47
Let w(k) be the first derivative of 64*k**3/3 + k - 3. Let y be w(-1). Suppose 6*d = d + y. What are the prime factors of d?
13
Suppose 24*b = 23*b + 4. Suppose -z = b*g - 130, -2*z + z = -g + 30. List the prime factors of g.
2
Let a(s) = -2*s**3 - 6*s**2 - s + 32. List the prime factors of a(-6).
2, 127
Let p(u) = -303*u - 4. Let l be p(-2). Let o = l + -291. List the prime factors of o.
311
Suppose -14 = -0*t + 2*t. Let f be (-3)/t + 718/7. Suppose -f = -5*x + 52. List the prime factors of x.
31
Suppose 8*a + 40 = -0. Let v(d) = d**2 + 2*d - 11. Let j be v(a). Suppose j*r - r = 21. List the prime factors of r.
7
Suppose -17269 = -13*x - 6401. What are the prime factors of x?
2, 11, 19
Suppose 2*j - 3505 = -779. List the prime factors of j.
29, 47
Suppose -c - 4*i = -39, -3*c + i - 96 = -278. List the prime factors of c.
59
Suppose 20 = p - 1. Let d be 243/(-3)*(-8)/12. Let y = d - p. What are the prime factors of y?
3, 11
Suppose 0 = 2*s - 6, -3*s + 23 = 2*w + 2*s. Suppose -4*j + 6 = -v, 5*v - v = -w*j - 4. List the prime factors of ((-20)/(-16))/(v/(-40)).
5
Let w(k) = k**3 + 33*k**2 - 82*k + 185. What are the prime factors of w(-35)?
5, 11
Let c be 2/(-3) - (-130)/6. Suppose -b = a - 10, 0*b + 5*b + 2*a - 62 = 0. Let s = c - b. List the prime factors of s.
7
Suppose 2*m = -y + 18 + 2, 0 = -4*m + 16. Let x be (-3)/12 + 3/y. Suppose 9*c - 8*c - 13 = x. What are the prime factors of c?
13
Let k(a) = a**3 + 17*a**2 + 18*a + 17. Let w be k(-16). Let c = -64 - -37. Let s = w - c. List the prime factors of s.
2, 3
Let i(h) = h + 14. Let m be i(-9). Suppose -o = 2, -2*d - m*o = 3*d. Suppose -3*x = 3*t - 12, 4*x + 3*t + d*t = 14. What are the prime factors of x?
2, 3
Let j(y) = 5*y**2 - 11*y - 9. Let d(q) = 2*q**2 - 5*q - 5. Let v(n) = -7*d(n) + 3*j(n). List the prime factors of v(-8).
2, 7
Let j be ((-16)/(-2))/(8 + -6). Suppose 0 = i - 3*i + 4*b + 28, i - j*b - 24 = 0. Suppose 2 = i*t - 22. List the prime factors of t.
2, 3
Let q(m) = m**3 + m**2 + 26. Let c(d) = d**2 + 5*d. Let g be c(-5). What are the prime factors of q(g)?
2, 13
Suppose 2*z + 4*u + 519 - 4753 = 0, 5*z - 5*u = 10510. List the prime factors of z.
7, 43
Suppose 0 = -15*k - 2*k + 49555. What are the prime factors of k?
5, 11, 53
Let z be (-3)/18 - (61/(-6) + 1). What are the prime factors of 360/z + (-2 + 0 - -2)?
2, 5
Let k = 64 + -39. Let n = -7 + 11. Suppose -w + k = n*w. List the prime factors of w.
5
Let w be 2/6 + (-2)/6. Suppose -2*a + 8*a - 24 = w. Suppose 0 = -4*p + 2*v + 32, 0 = -3*p - 5*v + 2 - a. List the prime factors of p.
2, 3
Let u = 32 - 46. Let r = 26 + u. List the prime factors of ((-15)/6)/((-6)/r).
5
What are the prime factors of (-6)/60 + (-24666)/(-60)?
3, 137
Let g(c) = -2*c - 3*c**2 + 0*c + 4*c**2 + 3 + 0*c**2. Let d be g(5). Let b = d - -19. List the prime factors of b.
37
Suppose r + 7 = v, 2*v - 5 = 3*r + 13. Let k be (-1 - 0)/(r/100). Let b = k - 7. List the prime factors of b.
2, 3
Let x = 73 + -68. List the prime factors of (-107 + x)*(-3)/6.
3, 17
Let t(j) = j**2 - 4*j + 4. Let o be t(3). Suppose o + 35 = 2*u. List the prime factors of u.
2, 3
Let w(s) = 2*s**2 - 8*s + 12. Let y be w(5). Let m = y + -46. List the prime factors of (m +